t are the prime factors of 153?
3, 17
List the prime factors of 1616.
2, 101
List the prime factors of 1808.
2, 113
What are the prime factors of 2661?
3, 887
List the prime factors of 1478.
2, 739
List the prime factors of 4762.
2, 2381
What are the prime factors of 11781?
3, 7, 11, 17
List the prime factors of 112900.
2, 5, 1129
List the prime factors of 31278.
2, 3, 13, 401
List the prime factors of 5643.
3, 11, 19
List the prime factors of 1143.
3, 127
List the prime factors of 7461.
3, 829
List the prime factors of 4265.
5, 853
What are the prime factors of 129293?
129293
List the prime factors of 1447.
1447
What are the prime factors of 6597?
3, 733
What are the prime factors of 984?
2, 3, 41
What are the prime factors of 42486?
2, 3, 73, 97
List the prime factors of 20402.
2, 101
What are the prime factors of 769?
769
List the prime factors of 484.
2, 11
What are the prime factors of 262?
2, 131
List the prime factors of 37760.
2, 5, 59
List the prime factors of 3788.
2, 947
What are the prime factors of 2616?
2, 3, 109
List the prime factors of 33407.
11, 3037
List the prime factors of 2727.
3, 101
What are the prime factors of 19161?
3, 2129
List the prime factors of 2285.
5, 457
What are the prime factors of 480?
2, 3, 5
What are the prime factors of 1069?
1069
List the prime factors of 43.
43
List the prime factors of 14030.
2, 5, 23, 61
List the prime factors of 969.
3, 17, 19
What are the prime factors of 133035?
3, 5, 7, 181
List the prime factors of 38789.
79, 491
List the prime factors of 2016.
2, 3, 7
What are the prime factors of 1843?
19, 97
What are the prime factors of 2503?
2503
List the prime factors of 4377.
3, 1459
What are the prime factors of 1710?
2, 3, 5, 19
List the prime factors of 1483.
1483
What are the prime factors of 706?
2, 353
List the prime factors of 146.
2, 73
What are the prime factors of 3493?
7, 499
What are the prime factors of 30334?
2, 29, 523
List the prime factors of 5092.
2, 19, 67
What are the prime factors of 4737?
3, 1579
List the prime factors of 38161.
31, 1231
List the prime factors of 2302.
2, 1151
List the prime factors of 12239.
12239
List the prime factors of 641.
641
List the prime factors of 15429.
3, 37, 139
List the prime factors of 2084.
2, 521
What are the prime factors of 6424?
2, 11, 73
What are the prime factors of 1358?
2, 7, 97
What are the prime factors of 3772?
2, 23, 41
List the prime factors of 1752.
2, 3, 73
What are the prime factors of 198?
2, 3, 11
List the prime factors of 20637.
3, 2293
List the prime factors of 81534.
2, 3, 107, 127
List the prime factors of 7412.
2, 17, 109
List the prime factors of 18899.
18899
What are the prime factors of 1469?
13, 113
What are the prime factors of 5089?
7, 727
List the prime factors of 5614.
2, 7, 401
List the prime factors of 1859.
11, 13
What are the prime factors of 3328?
2, 13
What are the prime factors of 88014?
2, 3, 14669
What are the prime factors of 1239?
3, 7, 59
What are the prime factors of 1733?
1733
What are the prime factors of 17491?
17491
What are the prime factors of 4850?
2, 5, 97
What are the prime factors of 882?
2, 3, 7
List the prime factors of 10311.
3, 7, 491
List the prime factors of 20191.
61, 331
What are the prime factors of 17646?
2, 3, 17, 173
List the prime factors of 76168.
2, 9521
What are the prime factors of 144634?
2, 7, 10331
List the prime factors of 1801.
1801
List the prime factors of 94306.
2, 61, 773
What are the prime factors of 1678?
2, 839
List the prime factors of 140415.
3, 5, 11, 23, 37
What are the prime factors of 2501?
41, 61
What are the prime factors of 3143?
7, 449
List the prime factors of 193.
193
What are the prime factors of 3410?
2, 5, 11, 31
List the prime factors of 2305.
5, 461
What are the prime factors of 65799?
3, 2437
What are the prime factors of 13785?
3, 5, 919
What are the prime factors of 802?
2, 401
List the prime factors of 20558.
2, 19, 541
What are the prime factors of 1223?
1223
List the prime factors of 181448.
2, 37, 613
What are the prime factors of 4891?
67, 73
List the prime factors of 10730.
2, 5, 29, 37
List the prime factors of 16881.
3, 17, 331
What are the prime factors of 3231?
3, 359
List the prime factors of 2990.
2, 5, 13, 23
What are the prime factors of 10348?
2, 13, 199
What are the prime factors of 17689?
7, 19
List the prime factors of 1105.
5, 13, 17
What are the prime factors of 888?
2, 3, 37
List the prime factors of 151552.
2, 37
List the prime factors of 72.
2, 3
What are the prime factors of 798?
2, 3, 7, 19
What are the prime factors of 1024?
2
What are the prime factors of 8244?
2, 3, 229
What are the prime factors of 2666?
2, 31, 43
List the prime factors of 496.
2, 31
What are the prime factors of 2920?
2, 5, 73
What are the prime factors of 196?
2, 7
List the prime factors of 57672.
2, 3, 89
List the prime factors of 2018.
2, 1009
What are the prime factors of 3048?
2, 3, 127
What are the prime factors of 27151?
19, 1429
What are the prime factors of 3166?
2, 1583
List the prime factors of 51676.
2, 12919
What are the prime factors of 711?
3, 79
What are the prime factors of 136?
2, 17
What are the prime factors of 19278?
2, 3, 7, 17
What are the prime factors of 5307?
3, 29, 61
List the prime factors of 17441.
107, 163
List the prime factors of 1662.
2, 3, 277
What are the prime factors of 1108?
2, 277
What are the prime factors of 15274?
2, 7, 1091
List the prime factors of 24892.
2, 7, 127
What are the prime factors of 268?
2, 67
What are the prime factors of 56689?
83, 683
What are the prime factors of 6317?
6317
List the prime factors of 5991.
3, 1997
List the prime factors of 6961.
6961
List the prime factors of 1968.
2, 3, 41
What are the prime factors of 5884?
2, 1471
List the prime factors of 25302.
2, 3, 4217
List the prime factors of 598.
2, 13, 23
List the prime factors of 721.
7, 103
List the prime factors of 10479.
3, 7, 499
What are the prime factors of 311?
311
List the prime factors of 8024.
2, 17, 59
List the prime factors of 3422.
2, 29, 59
List the prime factors of 1446.
2, 3, 241
What are the prime factors of 9716?
2, 7, 347
List the prime factors of 2740.
2, 5, 137
List the prime factors of 366.
2, 3, 61
List the prime factors of 15005.
5, 3001
List the prime factors of 14516.
2, 19, 191
What are the prime factors of 1645?
5, 7, 47
List the prime factors of 3158.
2, 1579
List the prime factors of 1161.
3, 43
List the prime factors of 1954.
2, 977
List the prime factors of 2153.
2153
What are the prime factors of 40813?
40813
What are the prime factors of 93395?
5, 18679
What are the prime factors of 1907?
1907
What are the prime factors of 52347?
3, 17449
List the prime factors of 3243.
3, 23, 47
What are the prime factors of 35948?
2, 11, 19, 43
What are the prime factors of 666?
2, 3, 37
List the prime factors of 20724.
2, 3, 11, 157
What are the prime factors of 46?
2, 23
What are the prime factors of 1597?
1597
What are the prime factors of 16552?
2, 2069
What are the prime factors of 133514?
2, 241, 277
List the prime factors of 30941.
30941
What are the prime factors of 1610?
2, 5, 7, 23
List the prime factors of 1561.
7, 223
What are the prime factors of 3975?
3, 5, 53
List the prime factors of 64109.
64109
List the prime factors of 16.
2
List the prime factors of 25272.
2, 3, 13
List the prime factors of 61767.
3, 6863
What are the prime factors of 1425?
3, 5, 19
What are the prime factors of 354?
2, 3, 59
List the prime factors of 11728.
2, 733
What are the prime factors of 104?
2, 13
What are the prime factors of 46349?
46349
List the prime factors of 39084.
2, 3, 3257
What are the prime factors of 75931?
75931
What are the prime factors of 167385?
3, 5, 11159
List the prime factors of 1267.
7, 181
What are the prime factors of 1645?
5, 7, 47
What are the prime factors of 30461?
83, 367
What are the prime factors of 1977?
3, 659
What are the prime factors of 16406?
2, 13, 631
List the prime factors of 40411.
7, 23, 251
What are the prime factors of 2315?
5, 463
What are the prime factors of 25345?
5, 37, 137
What are the prime factors of 427?
7, 61
List the prime factors of 334.
2, 167
What are the prime factors of 1144?
2, 11, 13
List the prime factors of 285.
3, 5, 19
List the prim